*2 - w. Let x = -1022 + 1022. What is j(x)?
0
Let q be (-84)/(-49) + (-2)/(-7). Let m(l) = 2*l - 5*l + l**q - 57 + 57. What is m(2)?
-2
Let z be (6/2)/((-8)/24). Let p(b) = -b + 5. Calculate p(z).
14
Let h(z) be the first derivative of z**2/2 + 8*z + 4. Let g be 4 - (0 - (-1 + 15)). Let m be 1/(1*(-3)/g). Give h(m).
2
Suppose 162 + 70 = -29*c. Let p(l) = -2*l - 10. Determine p(c).
6
Let g = 43 + -41. Let s(r) = -g*r - r**2 - 20 + 19 + r**3 + 4*r**3. Give s(-1).
-5
Let d = 11 + -9. Let u be d*(7 + -3 - 3). Suppose u*r + r = -9. Let a(k) = -3*k - 3. Calculate a(r).
6
Let v(w) = w**2 - 7*w + 1. Let x(b) = 4*b + 16. Let n be x(-6). Suppose 3*m - 8 = 2*m. Let d be ((-4)/m + 0)*n. Determine v(d).
-11
Let n(o) be the second derivative of -o**4/6 - 7*o**3/3 + 5*o**2 - 19*o. Let q(r) = -r**2 - 7*r + 5. Let c(g) = -6*n(g) + 11*q(g). What is c(-7)?
-5
Let p(i) = i**2 - 7*i + 2. Let z(j) = -j**2 - 20*j + 3. Let c be z(-20). Suppose 3*w = -0*w - 3*r + 3, -5*w + 15 = c*r. Give p(w).
-4
Let f(y) = 2*y - 2. Let l(g) = 3*g - 2*g - 11 + 0. Let h = 28 - 20. Let a be l(h). Determine f(a).
-8
Let s be (-2 - -3)/((-1)/(-1)). Let t(o) = 1. Let k(p) = p + 9. Let i(x) = s*k(x) - 6*t(x). Suppose 2*b - 238 = -5*z - 243, -b - 3*z = 3. What is i(b)?
3
Let g(u) be the third derivative of 1/2*u**3 + 0*u + 7/24*u**4 + 14*u**2 + 0. Determine g(-2).
-11
Let o(u) be the third derivative of 2*u**2 + 1/120*u**6 - 14 + 0*u**4 + 5/6*u**3 - 11/60*u**5 + 0*u. Give o(11).
5
Let f(z) be the second derivative of z**4/12 - 13*z**3/6 + 7*z**2 + 26*z. Let k be f(11). Let w(p) = p**2 + 8*p + 5. Calculate w(k).
5
Suppose -4*f = 5*r - 10 + 47, 2*f - 3*r - 9 = 0. Let n(y) be the first derivative of -2*y**2 - 2*y - 5. What is n(f)?
10
Let j(c) be the second derivative of -1/6*c**4 + c + 1/20*c**5 - 1/2*c**2 - 1/3*c**3 + 0. Let w be -1 - 0 - (-1 + -4 + 2). Give j(w).
-5
Let n(m) = -6*m**2 + 181*m - 28. Let g be n(30). Let i(w) = -2*w. Give i(g).
-4
Let v(i) = -i**3 + 5*i**2 + 5. Suppose -u - 10 = l, 3*l + 9 = 5*u - 29. Let n = -6 - l. Let b be v(n). Let m(h) = h**2 - 5*h - 6. Give m(b).
-6
Let n(m) = -11*m + 74. Let o be n(7). Let r(s) be the first derivative of -s**4/4 - s**3 - 4*s + 4. Give r(o).
-4
Let r(h) = -h**2 - 5*h - 2. Suppose 0 = 2*k + 3*q + 8, 29 = 3*k - 5*q + 3. Suppose -j - 5*a = 18, k*j - 12 = 3*a + 4. Suppose 0 = -j*l - l - 9. Calculate r(l).
4
Let z(v) = v**2 - 5*v + 5. Suppose 0 = 4*c + 5*w - 4, 4*c + 3*w - 5 = -c. Let i(m) = -m. Let t be i(c). Let d = 3 - t. Give z(d).
1
Suppose 0 = -2*j + 17 - 1. Let h = -8 + j. Let m(v) = h*v**2 - 2 + 0*v**2 + 3 + v**2 - 4*v. What is m(5)?
6
Let g(x) = -8*x**2 - 6 + 11*x + 0*x**2 + 6*x**2. Let p be g(6). Let f be ((-3)/6)/((-1)/p). Let i(u) = u**2 + 7*u - 2. Determine i(f).
-8
Let x(s) be the second derivative of 7*s**3/6 + s**2/2 + 3*s - 5. Suppose 10 = -5*t + 20. Give x(t).
15
Let a(v) = 7*v + 3*v**2 + 6*v**2 - 4*v**2 - 4*v**2 + 1. Suppose 5*g - 3*g + 1 = -q, -5*g = -5*q - 50. What is a(q)?
1
Let o(k) = k - 4. Suppose -3*p = -4*q + 34, -5*p + 12 = 2*q - 4*p. Determine o(q).
3
Let o(v) = 5*v - 2. Let p be ((-240)/(-56))/(1/7). Suppose w + 2*i = -3, 9 - p = -4*w + 3*i. Suppose w*m = -0*m + 6. What is o(m)?
8
Let w(x) be the first derivative of -x**3/3 - 4*x**2 - 10*x - 37. Give w(-8).
-10
Let w(i) = -2*i**3 + 5*i**2 - 3*i - 5. Let c(d) = 5 + d**3 - 5*d**2 - d**2 + d**2 + 2*d. Let b(k) = 3*c(k) + 2*w(k). Give b(-4).
-11
Let y(f) = -f**2 - 5*f + 20. Let o(n) = n**2 + 5*n - 19. Let t(v) = -2*o(v) - 3*y(v). Let g be t(3). Let i(w) = w. Determine i(g).
2
Let p(q) be the first derivative of -q**3/3 + 6*q**2 - 16*q + 19. What is p(12)?
-16
Let o(z) be the third derivative of z**6/120 + 7*z**5/60 + z**4/3 + 13*z**3/6 + 8*z**2. Let v be o(-6). Let t(p) = 7*p + 1. Calculate t(v).
8
Let h(t) be the second derivative of 1/6*t**4 + t + 1/6*t**3 + 0 + 3/2*t**2 - 1/20*t**5. Let d = -11841 + 11844. Calculate h(d).
-3
Let t(p) = -p + 4. Suppose 5*i - 4*f = 57 + 154, -3*f + 183 = 5*i. Let j = i - 30. Suppose 4*k + j + 15 = 0. What is t(k)?
10
Let g(p) be the second derivative of -p**5/20 - p**4/6 - 2*p**3/3 - 5*p**2/2 - 126*p. Give g(-2).
3
Let h(g) = -2*g + 6. Let c be (2 - 3/(-3))*-3. Let j = -9 - c. Suppose j*p - 4*p + 20 = 0. Give h(p).
-4
Let n(l) = l - 7. Suppose -3*m - 3*m + 72 = 0. Let q be n(m). Let g(h) = -h**2 + 4*h + 1. Calculate g(q).
-4
Let o(t) be the first derivative of -t**3/3 + 2*t**2 + 4*t + 6. Let p be o(4). Suppose -p*r = -r - 18. Let f(b) = 2*b - 7. Determine f(r).
5
Let v(c) be the second derivative of 1/3*c**3 + 0 + 31*c + 1/2*c**2. Calculate v(-3).
-5
Let y(p) = -p - 7. Let i(v) be the third derivative of -v**4/8 - 5*v**3/2 + 4*v**2. Let n(h) = 2*i(h) - 5*y(h). Calculate n(7).
-2
Let l(q) = 9*q**2 - 7*q + 6. Let m(r) = -2*r**2 + r - 1. Let t(i) = -l(i) - 5*m(i). Calculate t(-5).
14
Let m(q) be the third derivative of -q**9/60480 - q**8/3360 + q**7/720 + 7*q**6/720 + q**5/15 - 11*q**2. Let o(f) be the third derivative of m(f). Give o(-7).
7
Let p be 1/(-2 + 18/10). Let r(a) = 7*a - 1. Let q(f) be the second derivative of 11*f**3/6 - f**2 + f. Let b(t) = 5*q(t) - 8*r(t). Determine b(p).
3
Let y(l) = -3 - l**3 + 4 - l**2 - 7*l**3. Let s(d) = -d**2 - 2*d + 4. Let j be (-2 + 2)/2 - 3. Let i be s(j). Determine y(i).
-8
Let j(c) = -c**3 + 6*c**2 + 9*c - 9. Let u(a) = a**2 - 2*a - 19. Let n be u(-4). Suppose 2*g = -n*g + 49. Determine j(g).
5
Suppose 3*d - 3*u = 9, 3*u = -2 - 1. Let x be 30/25*5/2. Suppose b + 1 = -f, 0 = -x*f + d*f - 4*b - 1. Let p(y) = -7*y**2 - y. Determine p(f).
-6
Let v(m) = -m**3 - 4*m**2 + 2*m - 1. Let y be v(-5). Let x = y - 12. Let b(g) = 7 - 6*g**2 + x*g**2 + 3*g**2 + g**3 - 8. Give b(0).
-1
Suppose 5*h - 53 = 2*t, -h - 3*t - t - 7 = 0. Let k = 11 - h. Let o(y) = 5*y**2 + 7*y + 4 + y**k - 5*y**2 + 0*y**2. Calculate o(-5).
-6
Let v be 1 + 2 - (27 + -27). Suppose -12 = v*q - 3. Let t(h) = 4*h + h**2 + 2*h**2 + h**3 - h. What is t(q)?
-9
Let a(d) be the second derivative of -11*d**4/12 - d**3/2 + 11*d**2/2 - 24*d. Let p(q) = q - 3 - 3 + 5*q**2 + 1. Let g(l) = 6*a(l) + 13*p(l). What is g(-4)?
5
Let m(g) be the second derivative of g**4/12 - g**3/6 + g**2/2 - g. Suppose 3*h - h = -42. Let f be (-5)/(-3) + 14/h. Give m(f).
1
Let l(k) = k**2 - 14*k + 11. Let z be l(14). Let o(b) = z*b - 11*b + b**2. Calculate o(-1).
1
Let v(b) = b**3 - 9*b**2. Let g be (14/(-4) - -2)*(-12 + 6). Give v(g).
0
Let l(a) = a**3 + a**2 + 17. Suppose 3*j - 3 = -2*q, 1 = 9*j - 8*j. What is l(q)?
17
Let t = 1 + -7. Let u be (1 + -1 - -1)*2. Let k(f) = f**3 - u - 2*f + 0*f**3 - 1 + 6*f**2 + 0. Calculate k(t).
9
Let s(c) = 6*c**3 - c. Let l = 382 - 383. Calculate s(l).
-5
Let n = -16054 - -16049. Let a(x) be the first derivative of x**4/12 + x**3 + 3*x**2/2 + x - 1. Let q(f) be the first derivative of a(f). Calculate q(n).
-2
Suppose 0*v + 21 = -3*v. Let f(y) = -y**3 - 6*y**2 + 6*y + 1. Let w be f(v). Let h(q) = -q + 2. Calculate h(w).
-6
Let y be 2 - (-4 + 48/6). Let c(z) = -z**2 - 5*z - 4. What is c(y)?
2
Suppose 6*f - 48 = 8*f. Let z = 24 + f. Let j(g) = -g - 2. Determine j(z).
-2
Suppose -5*d - 2 + 1 = 4*v, 0 = v + 5*d + 19. Suppose l + v = 4*l. Let y(c) = -233*c**l + 7 + 232*c**2 - 3. Calculate y(3).
-5
Let s be (-1)/3 + (-38)/(-6). Let c(m) = 3882 - 3882 + s*m. Determine c(-1).
-6
Let u be ((-135)/(-18))/((-3)/4). Let r be -7 + 7 + -3 - u. Suppose 0 = 2*o + 3 - r, 2*v = -4*o. Let x(k) = k**2 + 5*k - 1. Determine x(v).
-5
Let z(j) be the second derivative of j**5/20 + j**4 + 2*j**3 + 7*j**2/2 - 112*j. What is z(-11)?
-4
Let m be (6*-1)/(-3*(-2)/(-3)). Suppose -3*h + 0*h - 27 = m*g, -g + 2*h = -3. Let j(k) = -k**2 - 5*k - 5. Give j(g).
-5
Suppose 44*v = 7*v - 37. Let j(g) = 8*g**2 + 3*g + 2. What is j(v)?
7
Let d(l) = 19*l - 9 - 26*l + l**2 + 13. Let u = 11 - 6. What is d(u)?
-6
Let w(h) = h**3 - 8*h**2 - h - 10. Suppose 3 = -22*c + 25*c. Let u be 4/c - ((3 - 3) + -4). Give w(u).
-18
Let y(x) = 17*x**2 - 1059*x + 1058*x - 16*x**2. Determine y(-1).
2
Suppose -39 + 14 = 5*w. Let h(l) = -l**3 + 2*l**2 + 6*l - 1. Let s(a) = a**3 - a**2 - 6*a. Let y(k) = -5*h(k) - 6*s(k). Give y(w).
0
Let g(r) = 6*r - 32. Let p(b) = 8*b - 23. Let f be p(5). Let i = 10 + -16. Let k(y) = 2*y - 11. Let m(d) = f*k(d) + i*g(d). Give m(6).
-7
Let m(f) = f**3 + 11*f**2 